{"id":37,"date":"2022-12-19T02:32:04","date_gmt":"2022-12-19T02:32:04","guid":{"rendered":"https:\/\/gaviaspreview.com\/wp\/modins\/?page_id=37"},"modified":"2024-09-30T19:01:22","modified_gmt":"2024-09-30T17:01:22","slug":"insurance","status":"publish","type":"page","link":"https:\/\/viriservices.com\/index.php\/insurance\/","title":{"rendered":"Insurance"},"content":{"rendered":"\t\t<div data-elementor-type=\"wp-page\" data-elementor-id=\"37\" class=\"elementor elementor-37\">\n\t\t\t\t\t\t<div class=\"elementor-inner\">\n\t\t\t\t<div class=\"elementor-section-wrap\">\n\t\t\t\t\t\t\t\t\t<section class=\"elementor-section elementor-top-section elementor-element elementor-element-67152ff elementor-section-boxed elementor-section-height-default elementor-section-height-default\" data-id=\"67152ff\" data-element_type=\"section\" data-settings=\"{&quot;background_background&quot;:&quot;slideshow&quot;,&quot;background_slideshow_gallery&quot;:[{&quot;id&quot;:177,&quot;url&quot;:&quot;https:\\\/\\\/gaviaspreview.com\\\/wp\\\/modins\\\/wp-content\\\/uploads\\\/2023\\\/01\\\/breadcrumb-01.jpg&quot;},{&quot;id&quot;:178,&quot;url&quot;:&quot;https:\\\/\\\/gaviaspreview.com\\\/wp\\\/modins\\\/wp-content\\\/uploads\\\/2023\\\/01\\\/breadcrumb-02.jpg&quot;}],&quot;background_slideshow_ken_burns&quot;:&quot;yes&quot;,&quot;background_slideshow_loop&quot;:&quot;yes&quot;,&quot;background_slideshow_slide_duration&quot;:5000,&quot;background_slideshow_slide_transition&quot;:&quot;fade&quot;,&quot;background_slideshow_transition_duration&quot;:500,&quot;background_slideshow_ken_burns_zoom_direction&quot;:&quot;in&quot;}\">\n\t\t\t\t\t\t<div class=\"elementor-container elementor-column-gap-default\">\n\t\t\t\t\t\t\t<div class=\"elementor-row\">\n\t\t\t\t\t<div class=\"elementor-column elementor-col-100 elementor-top-column elementor-element elementor-element-108d99c\" data-id=\"108d99c\" data-element_type=\"column\">\n\t\t\t<div class=\"elementor-column-wrap elementor-element-populated\">\n\t\t\t\t\t\t\t<div class=\"elementor-widget-wrap\">\n\t\t\t\t\t\t<div class=\"elementor-element elementor-element-07bec2e elementor-widget elementor-widget-gva-heading-block\" data-id=\"07bec2e\" data-element_type=\"widget\" data-widget_type=\"gva-heading-block.default\">\n\t\t\t\t<div class=\"elementor-widget-container\">\n\t\t\t<div class=\"gva-element-gva-heading-block gva-element\">   <div class=\"align-left style-1 widget gsc-heading box-align-left auto-responsive\">\r\n      <div class=\"content-inner\">\r\n         \r\n                  \r\n           \r\n         \r\n                     <h2 class=\"title\">\r\n               <span>Poistenie<\/span>\r\n            <\/h2>\r\n                  \r\n                     <div class=\"title-desc\">Poskytova\u0165 z\u00e1kazn\u00edkom najlep\u0161ie pois\u0165ovacie slu\u017eby.<\/div>\r\n         \r\n         \r\n      <\/div>\r\n   <\/div>\r\n<\/div>\t\t<\/div>\n\t\t\t\t<\/div>\n\t\t\t\t\t\t<\/div>\n\t\t\t\t\t<\/div>\n\t\t<\/div>\n\t\t\t\t\t\t\t\t<\/div>\n\t\t\t\t\t<\/div>\n\t\t<\/section>\n\t\t\t\t<section class=\"elementor-section elementor-top-section elementor-element elementor-element-6826bca elementor-section-boxed elementor-section-height-default elementor-section-height-default\" data-id=\"6826bca\" data-element_type=\"section\">\n\t\t\t\t\t\t<div class=\"elementor-container elementor-column-gap-default\">\n\t\t\t\t\t\t\t<div class=\"elementor-row\">\n\t\t\t\t\t<div class=\"elementor-column elementor-col-100 elementor-top-column elementor-element elementor-element-4a21461\" data-id=\"4a21461\" data-element_type=\"column\">\n\t\t\t<div class=\"elementor-column-wrap\">\n\t\t\t\t\t\t\t<div class=\"elementor-widget-wrap\">\n\t\t\t\t\t\t\t\t<\/div>\n\t\t\t\t\t<\/div>\n\t\t<\/div>\n\t\t\t\t\t\t\t\t<\/div>\n\t\t\t\t\t<\/div>\n\t\t<\/section>\n\t\t\t\t<section class=\"elementor-section elementor-top-section elementor-element elementor-element-ee08d72 elementor-section-boxed elementor-section-height-default elementor-section-height-default\" data-id=\"ee08d72\" data-element_type=\"section\">\n\t\t\t\t\t\t<div class=\"elementor-container elementor-column-gap-default\">\n\t\t\t\t\t\t\t<div class=\"elementor-row\">\n\t\t\t\t\t<div class=\"elementor-column elementor-col-100 elementor-top-column elementor-element elementor-element-697956a\" data-id=\"697956a\" data-element_type=\"column\">\n\t\t\t<div class=\"elementor-column-wrap elementor-element-populated\">\n\t\t\t\t\t\t\t<div class=\"elementor-widget-wrap\">\n\t\t\t\t\t\t<div class=\"elementor-element elementor-element-5c59828 elementor-widget elementor-widget-gva-heading-block\" data-id=\"5c59828\" data-element_type=\"widget\" data-widget_type=\"gva-heading-block.default\">\n\t\t\t\t<div class=\"elementor-widget-container\">\n\t\t\t<div class=\"gva-element-gva-heading-block gva-element\">   <div class=\"align-center style-1 widget gsc-heading box-align-left auto-responsive\">\r\n      <div class=\"content-inner\">\r\n         \r\n                  \r\n         <div class=\"sub-title\"><span class=\"tagline\">\u010cO CHCEME<\/span><\/div>  \r\n         \r\n                     <h2 class=\"title\">\r\n               <span>Poskytujeme v\u00e1m v\u0161etky \u00faverov\u00e9 a poistn\u00e9 slu\u017eby<\/span>\r\n            <\/h2>\r\n                  \r\n         \r\n         \r\n      <\/div>\r\n   <\/div>\r\n<\/div>\t\t<\/div>\n\t\t\t\t<\/div>\n\t\t\t\t<div class=\"elementor-element elementor-element-aacdc6f elementor-widget elementor-widget-gva-services\" data-id=\"aacdc6f\" data-element_type=\"widget\" data-widget_type=\"gva-services.default\">\n\t\t\t\t<div class=\"elementor-widget-container\">\n\t\t\t<div class=\"gva-element-gva-services gva-element\">\r\n<div class=\"gsc-services layout-grid\">\r\n   <div class=\"lg-block-grid-4 md-block-grid-4 sm-block-grid-3 xs-block-grid-2 xx-block-grid-2\">\r\n      <div class=\"item-columns\">\r\n<div class=\"service-one__single\"><div class=\"service-one__content\"><div class=\"service-one__image\"><img decoding=\"async\" src=\"https:\/\/viriservices.com\/wp-content\/uploads\/2023\/01\/service-01.jpg\" alt=\"\u00daver na auto\"\/><span class=\"service-one__icon\"><i aria-hidden=\"true\" class=\" micon__car\"><\/i><\/span><\/div><div class=\"service-one__content-inner\"><h4 class=\"service-one__title\"><span>\u00daver na auto<\/span><\/h4><div class=\"service-one__desc\">Tento \u00faver na auto je typom spotrebite\u013esk\u00e9ho \u00faveru ur\u010den\u00e9ho na financovanie k\u00fapy auta.<\/div><\/div>\t\t  <a href=\"https:\/\/viriservices.com\/index.php\/get-a-quote\/\" class=\"service-one__link-overlay\"><\/a>\r\n\t\t  <\/div><\/div>\t\r\n\r\n\r\n\r\n<\/div><div class=\"item-columns\">\r\n<div class=\"service-one__single active\"><div class=\"service-one__content\"><div class=\"service-one__image\"><img decoding=\"async\" src=\"https:\/\/viriservices.com\/wp-content\/uploads\/2023\/01\/service-02.jpg\" alt=\"\u017divotn\u00e9 poistenie\"\/><span class=\"service-one__icon\"><i aria-hidden=\"true\" class=\" micon__cardiogram\"><\/i><\/span><\/div><div class=\"service-one__content-inner\"><h4 class=\"service-one__title\"><span>\u017divotn\u00e9 poistenie<\/span><\/h4><div class=\"service-one__desc\">\u017divotn\u00e9 poistenie mo\u017eno vyu\u017ei\u0165 z r\u00f4znych d\u00f4vodov, napr\u00edklad na ochranu rodiny v pr\u00edpade smrti poisten\u00e9ho, na splatenie hypot\u00e9ky alebo in\u00fdch dlhov.<\/div><\/div>\t\t  <a href=\"https:\/\/viriservices.com\/index.php\/get-a-quote\/\" class=\"service-one__link-overlay\"><\/a>\r\n\t\t  <\/div><\/div>\t\r\n\r\n\r\n\r\n<\/div><div class=\"item-columns\">\r\n<div class=\"service-one__single\"><div class=\"service-one__content\"><div class=\"service-one__image\"><img decoding=\"async\" src=\"https:\/\/viriservices.com\/wp-content\/uploads\/2023\/01\/service-03.jpg\" alt=\"\u00daver na nehnute\u013enosti\"\/><span class=\"service-one__icon\"><i aria-hidden=\"true\" class=\" micon__home1\"><\/i><\/span><\/div><div class=\"service-one__content-inner\"><h4 class=\"service-one__title\"><span>\u00daver na nehnute\u013enosti<\/span><\/h4><div class=\"service-one__desc\">\u00daver na b\u00fdvanie je druh spotrebite\u013esk\u00e9ho \u00faveru, ktor\u00fd je \u0161peci\u00e1lne ur\u010den\u00fd na financovanie k\u00fapy nehnute\u013enosti, napr\u00edklad domu alebo bytu.<\/div><\/div>\t\t  <a href=\"https:\/\/viriservices.com\/index.php\/get-a-quote\/\" class=\"service-one__link-overlay\"><\/a>\r\n\t\t  <\/div><\/div>\t\r\n\r\n\r\n\r\n<\/div><div class=\"item-columns\">\r\n<div class=\"service-one__single\"><div class=\"service-one__content\"><div class=\"service-one__image\"><img decoding=\"async\" src=\"https:\/\/viriservices.com\/wp-content\/uploads\/2023\/01\/service-04.jpg\" alt=\"Zdravotn\u00e9 poistenie\"\/><span class=\"service-one__icon\"><i aria-hidden=\"true\" class=\" micon__cross\"><\/i><\/span><\/div><div class=\"service-one__content-inner\"><h4 class=\"service-one__title\"><span>Zdravotn\u00e9 poistenie<\/span><\/h4><div class=\"service-one__desc\">Zdravotn\u00e9 poistenie vo v\u0161eobecnosti pokr\u00fdva n\u00e1klady na lie\u010dbu, lieky, zdravotn\u00edcke vybavenie a in\u00e9 polo\u017eky.<\/div><\/div>\t\t  <a href=\"https:\/\/viriservices.com\/index.php\/get-a-quote\/\" class=\"service-one__link-overlay\"><\/a>\r\n\t\t  <\/div><\/div>\t\r\n\r\n\r\n\r\n<\/div><div class=\"item-columns\">\r\n<div class=\"service-one__single\"><div class=\"service-one__content\"><div class=\"service-one__image\"><img decoding=\"async\" src=\"https:\/\/viriservices.com\/wp-content\/uploads\/2023\/01\/service-05.jpg\" alt=\"Financovanie projektu\"\/><span class=\"service-one__icon\"><i aria-hidden=\"true\" class=\" micon__suitcase\"><\/i><\/span><\/div><div class=\"service-one__content-inner\"><h4 class=\"service-one__title\"><span>Financovanie projektu<\/span><\/h4><div class=\"service-one__desc\">Z\u00edskajte p\u00f4\u017ei\u010dku na financovanie projektu bez oh\u013eadu na to, ak\u00fd ve\u013ek\u00fd alebo mal\u00fd je v\u00e1\u0161 projekt. Proces financovania projektu \u010dasto zah\u0155\u0148a pr\u00edpravu podrobn\u00e9ho podnikate\u013esk\u00e9ho pl\u00e1nu.<\/div><\/div>\t\t  <a href=\"https:\/\/viriservices.com\/index.php\/get-a-quote\/\" class=\"service-one__link-overlay\"><\/a>\r\n\t\t  <\/div><\/div>\t\r\n\r\n\r\n\r\n<\/div><div class=\"item-columns\">\r\n<div class=\"service-one__single\"><div class=\"service-one__content\"><div class=\"service-one__image\"><img decoding=\"async\" src=\"https:\/\/viriservices.com\/wp-content\/uploads\/2023\/01\/service-06.jpg\" alt=\"Poistenie proti po\u017eiaru\"\/><span class=\"service-one__icon\"><i aria-hidden=\"true\" class=\" micon__fire1\"><\/i><\/span><\/div><div class=\"service-one__content-inner\"><h4 class=\"service-one__title\"><span>Poistenie proti po\u017eiaru<\/span><\/h4><div class=\"service-one__desc\">Poistenie proti po\u017eiaru je poistenie, ktor\u00e9 kryje \u0161kody sp\u00f4soben\u00e9 po\u017eiarom na poistenom majetku. M\u00f4\u017ee sa vz\u0165ahova\u0165 na \u0161kody sp\u00f4soben\u00e9 po\u017eiarom v dome, byte alebo apartm\u00e1ne.<\/div><\/div>\t\t  <a href=\"https:\/\/viriservices.com\/index.php\/get-a-quote\/\" class=\"service-one__link-overlay\"><\/a>\r\n\t\t  <\/div><\/div>\t\r\n\r\n\r\n\r\n<\/div><div class=\"item-columns\">\r\n<div class=\"service-one__single\"><div class=\"service-one__content\"><div class=\"service-one__image\"><img decoding=\"async\" src=\"https:\/\/viriservices.com\/wp-content\/uploads\/2023\/01\/service-07.jpg\" alt=\"Poistenie man\u017eelstva\"\/><span class=\"service-one__icon\"><i aria-hidden=\"true\" class=\" micon__wedding-rings\"><\/i><\/span><\/div><div class=\"service-one__content-inner\"><h4 class=\"service-one__title\"><span>Poistenie man\u017eelstva<\/span><\/h4><div class=\"service-one__desc\">Svadobn\u00e9 poistenie je poistenie, ktor\u00e9 kryje rizik\u00e1 spojen\u00e9 s organiz\u00e1ciou svadby. M\u00f4\u017ee pokry\u0165 n\u00e1klady na organiz\u00e1ciu svadby.<\/div><\/div>\t\t  <a href=\"https:\/\/viriservices.com\/index.php\/get-a-quote\/\" class=\"service-one__link-overlay\"><\/a>\r\n\t\t  <\/div><\/div>\t\r\n\r\n\r\n\r\n<\/div><div class=\"item-columns\">\r\n<div class=\"service-one__single last-special\"><div class=\"service-one__content\"><div class=\"service-one__image\"><img decoding=\"async\" src=\"https:\/\/viriservices.com\/wp-content\/uploads\/2023\/01\/service-09.jpg\" alt=\"Ak\u00fd \u00faver potrebujete?\"\/><span class=\"service-one__icon\"><i aria-hidden=\"true\" class=\"fas fa-home\"><\/i><\/span><\/div><div class=\"service-one__content-inner\"><h4 class=\"service-one__title\"><span>Ak\u00fd \u00faver potrebujete?<\/span><\/h4><div class=\"service-one__desc\">U\u017e ne\u010dakajte! Zaregistrujte sa teraz.<\/div>\t\t  <a href=\"https:\/\/viriservices.com\/index.php\/get-a-quote\/\" class=\"btn-theme btn-medium\">\r\n\t\t\t Get a Qoute\t\t  <\/a>\r\n\t\t  <\/div>\t\t  <a href=\"https:\/\/viriservices.com\/index.php\/get-a-quote\/\" class=\"service-one__link-overlay\"><\/a>\r\n\t\t  <\/div><\/div>\t\r\n\r\n\r\n\r\n<\/div>   <\/div>\r\n<\/div>\r\n<\/div>\t\t<\/div>\n\t\t\t\t<\/div>\n\t\t\t\t\t\t<\/div>\n\t\t\t\t\t<\/div>\n\t\t<\/div>\n\t\t\t\t\t\t\t\t<\/div>\n\t\t\t\t\t<\/div>\n\t\t<\/section>\n\t\t\t\t\t\t\t\t\t<\/div>\n\t\t\t<\/div>\n\t\t\t\t\t<\/div>\n\t\t","protected":false},"excerpt":{"rendered":"<p>Poistenie Poskytova\u0165 z\u00e1kazn\u00edkom najlep\u0161ie pois\u0165ovacie slu\u017eby. \u010cO CHCEME Poskytujeme v\u00e1m v\u0161etky \u00faverov\u00e9 a poistn\u00e9 slu\u017eby \u00daver na auto Tento \u00faver na auto je typom spotrebite\u013esk\u00e9ho \u00faveru ur\u010den\u00e9ho na financovanie k\u00fapy [&hellip;]<\/p>\n","protected":false},"author":1,"featured_media":0,"parent":0,"menu_order":0,"comment_status":"closed","ping_status":"closed","template":"","meta":{"footnotes":""},"class_list":["post-37","page","type-page","status-publish","hentry"],"_links":{"self":[{"href":"https:\/\/viriservices.com\/index.php\/wp-json\/wp\/v2\/pages\/37","targetHints":{"allow":["GET"]}}],"collection":[{"href":"https:\/\/viriservices.com\/index.php\/wp-json\/wp\/v2\/pages"}],"about":[{"href":"https:\/\/viriservices.com\/index.php\/wp-json\/wp\/v2\/types\/page"}],"author":[{"embeddable":true,"href":"https:\/\/viriservices.com\/index.php\/wp-json\/wp\/v2\/users\/1"}],"replies":[{"embeddable":true,"href":"https:\/\/viriservices.com\/index.php\/wp-json\/wp\/v2\/comments?post=37"}],"version-history":[{"count":15,"href":"https:\/\/viriservices.com\/index.php\/wp-json\/wp\/v2\/pages\/37\/revisions"}],"predecessor-version":[{"id":517,"href":"https:\/\/viriservices.com\/index.php\/wp-json\/wp\/v2\/pages\/37\/revisions\/517"}],"wp:attachment":[{"href":"https:\/\/viriservices.com\/index.php\/wp-json\/wp\/v2\/media?parent=37"}],"curies":[{"name":"wp","href":"https:\/\/api.w.org\/{rel}","templated":true}]}}